10 - j. What is the tens digit of b?
3
Let m = -2 + 4. Suppose 5*j + 7*n = m*n + 10, -4*j = n - 8. Suppose 4*p = 5*c + 38, 0*c - 24 = -4*p - j*c. What is the units digit of p?
7
Let i = 19 - 7. What is the tens digit of 1/1 - i*-1?
1
Suppose 0 = 14*m - 9*m - 275. What is the units digit of m?
5
Suppose 67 = 3*u + 319. Let t = -54 - u. What is the tens digit of t?
3
Let j(c) = 18*c + 8. What is the units digit of j(5)?
8
Let y(c) = c**2 - 2*c - 6. What is the units digit of y(8)?
2
Let j = -9 + 119. What is the hundreds digit of j?
1
Let y(k) = -k - 9. Let j be y(-12). Let s(m) = m. Let q be s(j). Suppose -3*r - 27 = -q*z, 2*r = -4*z + 33 - 9. What is the units digit of z?
7
Let f(v) = v**2 - 6*v - 11. Let p be f(8). Suppose 0 = -s - p + 14. What is the units digit of s?
9
Let i be (-18)/(2 - 5) - 3. Suppose 2*g = n - 8, -i*n + 4*g + 33 = 7. What is the tens digit of n?
1
Let x(b) = -5*b + 5. Let o(r) = r**2 + 13*r - 20. Let t be o(-14). What is the units digit of x(t)?
5
Let t(l) be the third derivative of -7/24*l**4 + 0 + 0*l + l**2 + 0*l**3. What is the units digit of t(-1)?
7
Suppose 0 = -2*y + 426 - 2. What is the hundreds digit of y?
2
Let z = -2 - -5. Suppose 2*g - y - 29 = 0, 0*y = 3*g + z*y - 48. What is the units digit of g?
5
Suppose -t - 1 = -3*v, v + 0*v + 2 = 0. Let f(g) = -5 - 9*g - g**2 + 0*g**2 - 2. What is the units digit of f(t)?
7
Suppose 4*v - 87 - 41 = 0. What is the tens digit of v?
3
Let b(y) = -y**2 - y - 1. Let x(u) = -7*u**2 - 6*u - 3. Let t(a) = -6*b(a) + x(a). Let r(g) be the first derivative of t(g). What is the tens digit of r(-5)?
1
Let l be (3/(-2))/(11/(-154)). Let u = 6 + l. What is the units digit of u?
7
Suppose -9 = -4*b - 1. Let y be 2 + -1 - 4/b. What is the units digit of ((-4)/y - 2)/2?
1
Suppose -3*g + 61 + 107 = 0. What is the units digit of g?
6
What is the units digit of 0/(-3*1/(-3)) + 16?
6
Let m = 1 - -2. What is the units digit of m?
3
Let n(i) = -5*i + 7. What is the tens digit of n(-8)?
4
Let c = 14 + 10. What is the units digit of c?
4
Suppose -5*w = -0*z - 3*z + 6, 3*w + 6 = 3*z. Suppose 73 = 4*q + 3*h, z*q + 67 = 6*q + h. What is the units digit of q?
6
Let w(g) = g - 5. What is the units digit of w(9)?
4
Let f be -2 - 1*(-4)/2. Let z(o) = o**3 + o**2 - o + 11. What is the tens digit of z(f)?
1
Let x be (-3 - -3 - -8)/(-1). What is the tens digit of x/(-10) - 605/(-25)?
2
Suppose 3*n - 6 = -r, 5*r + 2*n - n = -26. Let j = r - -11. What is the units digit of j?
5
Let f = 8 - 6. Let b(w) = 2*w**2 + w**2 - 1 - 2*w**2. What is the units digit of b(f)?
3
Suppose 0 = 2*h + 129 + 39. Let m = -57 - h. What is the units digit of m?
7
What is the tens digit of (6/(-12))/(1/(-150))?
7
Suppose 7 = -5*b - 8. Let t be b*((-2)/6 - 0). What is the units digit of t*-2*49/(-14)?
7
Suppose -2*l - c = -67, -l + 12 = -4*c + 1. What is the tens digit of l?
3
Suppose 15*i - 12*i - 300 = 0. What is the hundreds digit of i?
1
Let g(s) = 2*s + 1. Let p be g(-2). Suppose -3 + 14 = n. Let m = n + p. What is the units digit of m?
8
Suppose -2*u = -3*u. Suppose -2*z = 2*w - 6, u*z - 33 = -3*z + 3*w. What is the units digit of z?
7
Suppose 0 = 3*v - 42 - 33. What is the tens digit of v?
2
What is the tens digit of (15/(-2))/((-6)/12)?
1
Suppose -14*t + 8*t = -528. What is the units digit of t?
8
Let c = -22 - -41. What is the units digit of c?
9
Let t(s) = -25*s + 2. What is the tens digit of t(-1)?
2
Let d(i) be the first derivative of -3*i**2/2 - i - 1. Let j(y) = y**3 - 10*y**2 + 8*y + 6. Let b be j(9). What is the units digit of d(b)?
8
Let g(o) = 2*o**2 - 13. What is the units digit of g(4)?
9
Let r = 281 + -89. What is the hundreds digit of r?
1
Let x = 16 + -13. Suppose 10 = x*a + 2*g, -4*a = -2*g - 0*g - 32. What is the units digit of a?
6
Let t(i) = i**2 + 2*i - 1. Let k be (4 - 2) + -1 + 1. What is the units digit of t(k)?
7
Let u = -14 + 10. Let i(y) = -y. Let b be i(u). What is the units digit of (18/10)/(b/20)?
9
Let t(i) = 0*i**2 - 4*i + 3*i**2 - 2*i**2 + 2*i. What is the units digit of t(3)?
3
Suppose 4*u - 124 - 112 = 0. What is the units digit of u?
9
What is the tens digit of (-2 + 1)/(5 + (-382)/76)?
3
What is the units digit of -8 + 92 - (2 + -2)?
4
What is the tens digit of ((-55)/(-2))/(5/10)?
5
Suppose x + 13 - 56 = 0. What is the units digit of x?
3
Let j be (-1)/(-5) - 2/10. Suppose -6*f + f + 10 = j. Suppose 10 = -f*s + 7*s. What is the units digit of s?
2
What is the units digit of (0 + (-2)/4)/(2/(-288))?
2
Let b = 14 + -12. Suppose 3*n - 8 = -2*t + b, -4*t + 8 = 3*n. What is the units digit of n?
4
Let f = 4 + 0. Suppose -r = -d + 15, -f*d - r + 9 = -26. What is the units digit of d?
0
Suppose 2*k - j - 5 = -0*k, 4*j - 16 = -4*k. Suppose l = -4*b - b - 10, k*l = 4*b + 65. What is the units digit of l?
5
Let r(d) be the third derivative of 0*d + 0*d**3 + d**2 - 11/24*d**4 + 0. What is the units digit of r(-1)?
1
Suppose 209 - 53 = 6*x. What is the tens digit of x?
2
Suppose -2*v + 4*m + 330 = 0, -v - m = -2*v + 166. What is the tens digit of v?
6
Suppose -2*k - 3*c + 31 = 2*c, 3*k - c = 4. What is the units digit of k?
3
Let y be -72*(15/6)/(-5). Suppose 2*m = -2*m + y. Let x = -3 + m. What is the units digit of x?
6
Let q(d) = 2*d - 7. Let j be 3*-2*(-9)/6. What is the units digit of q(j)?
1
Let q(b) be the first derivative of -1/2*b**2 - 4*b + 1/3*b**3 - 3. What is the units digit of q(-3)?
8
Suppose -5*o - 7 = 3*t - 39, -o - 4 = -2*t. Suppose o - 10 = -3*z. Suppose 4*s + 3*c = 3, 3*s - 14 = z*c + 1. What is the units digit of s?
3
Let q = -69 + 116. What is the tens digit of q?
4
Let y = -21 - -33. What is the units digit of (y/20)/(1/15)?
9
Suppose -5*v - 9 = z, 0*z + 3*z - 5*v - 53 = 0. Suppose 5 + z = 4*m. Suppose -4 = 5*q + i - 86, -56 = -m*q + 4*i. What is the tens digit of q?
1
Let b = 172 - 92. What is the units digit of b?
0
Let t be (-204)/(-18) + (-1)/3. Let k = -6 + t. What is the units digit of k?
5
Suppose 7*b + b - 800 = 0. What is the hundreds digit of b?
1
Suppose 4*u - 4*p - 18 - 138 = 0, 0 = -5*u + 4*p + 196. What is the units digit of u?
0
Suppose 2*q - 2 = q. Suppose -y + q*o = -4*y + 113, 0 = -4*o + 16. What is the units digit of y?
5
Let d(p) be the first derivative of p**5/120 + 7*p**4/24 + p**3/3 + 1. Let y(u) be the third derivative of d(u). What is the units digit of y(-5)?
2
Suppose 3*p = 8*p - 140. Suppose 2*h - 7*h + 35 = -i, i = -4*h + p. What is the units digit of h?
7
What is the tens digit of (66/9)/(6/9)?
1
Let k = -48 + 73. Let j = 43 - k. What is the tens digit of j?
1
Suppose -3*u + 2*g = -7, 0 = -4*u - g + 36 - 12. Suppose 0*z - u*z = -240. Let k = z - 34. What is the tens digit of k?
1
Let h(v) = -v + 0 + 0*v - 4*v**2 + 0*v**2 - 1. Let k(a) = 5*a**2 + a + 2. Let r(y) = -4*h(y) - 3*k(y). What is the tens digit of r(-4)?
1
Let y = -589 - -905. What is the tens digit of y?
1
Let c(a) = 2*a**2 + 3*a - 2. Let r be c(-5). Suppose 5*n = -3*f + 56, -2*f + r = 3*n - 0. What is the tens digit of n?
1
Suppose -3*m - m = -144. What is the tens digit of m?
3
Let g be (-10 - -5) + (1 - -2). What is the units digit of 13/2*-1*g?
3
Let z = 15 - -80. What is the tens digit of z?
9
Suppose -2*y - 2*y = -68. Let o = y - -5. What is the units digit of o?
2
Let y be (-36)/28 - (-4)/14. Suppose u + 1 = -0*u. What is the units digit of ((2*y)/2)/u?
1
Suppose 6 = d - 11. Suppose -4*b + 11 = -d. Suppose -b + 1 = -z. What is the units digit of z?
6
Let c = 50 - 32. Suppose -c = -5*p + 32. What is the units digit of p?
0
Let h(s) = 34*s + 18. What is the tens digit of h(6)?
2
Let g(o) = 18*o - 4. What is the hundreds digit of g(6)?
1
Suppose 22 = 4*d + 4*w - 6, 23 = -d + 5*w. Suppose 121 - 21 = 5*m - 3*z, 2*m + d*z - 24 = 0. What is the tens digit of m?
1
Let b(p) = -11*p - 1. Let w be b(1). What is the tens digit of (-3 - -6) + -1 - w?
1
Suppose -20 = 6*u - u. Let n(c) = 3*c**2 + 6*c + 1. Let o be n(u). Suppose 3*r = 5*r - v - 5, 0 = 3*r + 2*v - o. What is the units digit of r?
5
Let z be ((-8)/(-12))/(2/6). Let i be 0 + 2 + 17 + z. Suppose -5*d - t = -d - 5, 3*d - 5*t - i = 0. What is the units digit of d?
2
Let b(v) = v**3 - 2*v**2 + v + 3. Let p be b(3). Suppose -p = j - 53. What is the tens digit of j?
3
Let b = -2 - -23. What is the units digit of b?
1
What is the uni